Let j(m) = -m**2 - m - 3. Let b be j(3). Let p = b - -140. Let s be (-6)/(-27) - p/(-45). Let d(x) = 2*x - 3. Determine d(s).
3
Let i(v) = v**2 - v + 12. Let y(x) = -x**2 - 13*x - 12. Let j be y(-12). Suppose -3*d + 6 = 4*r, 2*d + j = 3*r + 4. Calculate i(r).
12
Let h(x) be the third derivative of 0*x + 0*x**5 - 13*x**2 + 0 - 1/24*x**4 + 1/6*x**3 + 1/60*x**6. What is h(2)?
15
Let t(y) = y**2 + 3*y - 5. Let v be t(-5). Let p(d) = d**3 + 2*d**2 - 10*d - 11. Let z(i) = i**2 - i - 2. Let q(b) = -p(b) + 6*z(b). Determine q(v).
-6
Let l(v) = v - 3. Suppose -169 = 5*b - 139. Calculate l(b).
-9
Let p(a) = -2 + 7*a**2 + 5*a - 8*a**2 - 13*a**2 + 7 - 9. What is p(1)?
-13
Let j(i) = 3*i**3 - 4*i**2 - 4*i - 3. Let z(n) = 4*n**3 - 4*n**2 - 2*n - 3. Let a(w) = -3*j(w) + 2*z(w). Calculate a(6).
-21
Suppose 6*a = 2*a + 20. Let c(h) = a - h + 3*h - h + 0*h. Let l(k) = -5*k**3 - k**2 - 2*k - 1. Let f be l(-1). Give c(f).
10
Let x(k) be the second derivative of -k**6/144 - k**5/12 - k**4/2 - 2*k**2 + 15*k - 2. Let v(n) be the third derivative of x(n). What is v(-7)?
25
Let s be (-2)/6 - 282*3/54. Let w(q) = q**3 + 16*q**2 + 2*q + 2. Determine w(s).
-30
Let n(z) be the first derivative of z**4/4 - 4*z**3/3 + z**2 - z - 19. Let r be -1*3/(-5)*5. Determine n(r).
-4
Let n(m) = -120*m + 1803. Let v be n(15). Let a = 11 + -8. Let c(l) = 2*l**a - 3*l + 4*l**3 - 3 - 5*l**3. What is c(v)?
15
Let t(i) = 4*i**2 + i + 7. Let l(r) = -7*r**2 - r - 12. Let f(s) = 3*l(s) + 5*t(s). Let g be -1 - (-3)/((-9)/(-6)). Calculate f(g).
0
Suppose -l = 2*z - 2 + 8, 4*z + 32 = 3*l. Suppose 0 = l*o + o + 30. Let d(f) = -f**3 - 7*f**2 - 5*f + 1. What is d(o)?
-5
Let l(h) = h**2 - 5*h. Let b(k) = -k**2 + 5*k - 8. Let t be b(6). Let o = -12 - t. Let z be (-15)/10 - (-13)/o. Give l(z).
0
Suppose -y + 3*y - 6 = 0. Let c(d) = 4*d - y*d - 2*d + 5 - 1. Calculate c(5).
-1
Let m(t) = -5*t**3 + 5*t**2 + 6*t + 19. Let h(c) = -11*c**3 + 11*c**2 + 13*c + 38. Let d(g) = -6*h(g) + 13*m(g). Let k be 1/5 - (-3)/(-15). Determine d(k).
19
Let i(a) = a**3 + 5*a**2 + 4*a + 2. Suppose o + 16 = -2*t - 2*t, 4*t + 16 = 3*o. Give i(t).
2
Let k(p) = 27*p**2 + 2*p - 4. Let n be k(2). Let w(a) = 59*a + 0 + 2 - n*a + 60*a. Determine w(-2).
-20
Let s(c) = -7*c**2 + 3*c + 3. Let w(g) = g**3 + 9*g**2 + 14*g - 2. Let h be w(-7). Calculate s(h).
-31
Let o(l) = -l**2 - 4*l + 1. Let p(v) = -2*v**2 + v + 25. Let h(k) = -3*o(k) + p(k). Give h(-11).
0
Let t(m) = 2*m**2 - 2*m - 1. Let c be t(-1). Let f(o) = 12*o**3 - 11*o**3 + 2*o**2 + c + 3*o**2 + 3*o. Give f(-4).
7
Let m(s) = -s**3 + 7*s**2 + 8*s + 1. Let a = 300 - 292. Determine m(a).
1
Let v(c) = c**2 + c - 4. Suppose -9 = l + 3*r + 4, 5*r = l - 11. Let u be v(l). Let h be (-60)/70*(u + -1). Let t(m) = m + 14. What is t(h)?
8
Suppose -11*k + 15 = -16*k. Let l be k + 0*3/15. Let d(q) be the first derivative of q**2 + 4*q + 6. Give d(l).
-2
Let z(t) = -58*t**2 + 59*t**2 + 2 - 5 + 25 - 12*t. Determine z(9).
-5
Suppose -4*a + 8 = -0*a. Suppose -a*d + 0 = -4. Let i(p) = d*p - 6*p + 3 - p. Determine i(2).
-7
Suppose -4*p - 9 = 3. Let w be (0/(-1) + p)*1. Let v(r) = -2*r - 4 + 3*r + 2 + 6. Calculate v(w).
1
Let g(x) = -3 - 1 - 1 + x + 3. Let z be g(8). Let r(w) = 3*w**3 + 4*w**3 - z - w**2 + 7 + 0*w**3. Determine r(-1).
-7
Let m(z) = z**3 - 4 + 3 + 4*z**2 + 4*z + 0*z. Let f be m(-3). Let d(r) be the first derivative of r**4/4 + r**3 - 3*r**2 - 3*r + 541. Determine d(f).
5
Let c(v) = v**3 + 6*v**2 + 6*v + 6. Let j be c(-5). Let i(n) be the first derivative of 11*n**2/2 - n - 4. Determine i(j).
10
Let r(y) = 3*y**2 - 2*y**2 - 5*y**2. Calculate r(1).
-4
Let j(f) = -2 + 13*f - f**2 + 2 - 10*f - 2. Determine j(2).
0
Let g(y) = -2*y - 3. Let x be g(-6). Let b(p) be the second derivative of -p**4/12 + 4*p**3/3 + 5*p**2 - 82*p + 45. Give b(x).
1
Let a = 98 - 101. Let q(b) be the first derivative of 2 + 1/4*b**4 - 3*b + 3/2*b**2 + 5/3*b**3. What is q(a)?
6
Let d(t) be the third derivative of -1/6*t**3 + 0 + 0*t - 8*t**2 + 1/24*t**4. Suppose 3*m - 5 = 4*m, -5*i = 5*m. Calculate d(i).
4
Let t(g) be the second derivative of g**5/20 + g**4/12 + g**3/6 + 7*g**2/2 - 255*g. Determine t(0).
7
Suppose 3 - 3 = -5*h. Let f be (4/(-8 + h))/((-1)/6). Let y(l) = -2 + 9*l - l**2 - 4*l - 2. What is y(f)?
2
Let v(c) = -9*c - 2. Suppose g - 2*m = -6, -5*g + 2*m = m + 12. Calculate v(g).
16
Let n = 43 + -42. Let f(s) = -s**2 - 2*s + 1. Determine f(n).
-2
Let c(t) be the second derivative of -t**4/12 - 6*t. Suppose -i = -3*i + 2. Give c(i).
-1
Let u(d) = 2*d - 2*d - 12186*d**2 + 4*d + 12190*d**2. Give u(-3).
24
Let r(v) be the third derivative of 0*v + 15*v**2 + 1/20*v**5 - 2/3*v**3 + 1/6*v**4 + 0 - 1/120*v**6. What is r(3)?
8
Let s(a) = 13*a + 7. Let w(q) = 19*q + 10. Let o(t) = 7*s(t) - 5*w(t). Let r(d) = -d - 1. Let h(g) = -o(g) + 3*r(g). Give h(0).
-2
Let q(l) be the third derivative of l**5/60 - 3*l**4/8 + 3*l**3/2 - l**2. Let t = -359 + 365. What is q(t)?
-9
Let k(j) = j**2 + 1. Let h(b) = 3*b**2 + 2*b + 5. Let n(z) = h(z) - 4*k(z). What is n(-3)?
-14
Let k(p) = 3*p - 11. Let y(w) = 4*w - 14. Let v(x) = 5*k(x) - 4*y(x). Determine v(3).
-2
Let p(s) = 106 + s - 106. Let t(j) = 7*j - 1. Let x(b) = -3*p(b) + t(b). What is x(3)?
11
Let v be ((-5 - -1)/2)/2. Let l = 0 - v. Let y(h) = 3*h + 29. Let b(i) = -3*i - 23. Let x(f) = -5*b(f) - 4*y(f). Determine x(l).
2
Suppose 2*g + 16 = -3*y + 7*y, 0 = -2*y - 5*g - 16. Let b be y/3*(24 - -3). Let d be (-261)/(-81) + (-4)/b. Let w(a) = a**2 - a + 3. Give w(d).
9
Let y(d) be the second derivative of d**4/12 + 3*d**3/2 - 9*d**2/2 + 5*d + 3. Determine y(-10).
1
Let o(m) = 10*m + 2. Let p(u) = -12*u - 3. Let y(q) = -7*o(q) - 6*p(q). Determine y(-8).
-12
Let g(f) be the first derivative of f**3/3 - 2*f**2 + 3*f - 83. What is g(4)?
3
Suppose -y - 4*x - 11 = -x, 5*x + 25 = 0. Suppose -h + y*u = 0, -3*h = u - 3 - 10. Let n(c) = c**3 - 3*c**2 - 6*c + 2. Calculate n(h).
-6
Suppose 21*n + 35 - 56 = 0. Let v(a) = 4*a. Calculate v(n).
4
Let n(i) = -2*i + 3. Suppose 5*m = -5*a, 18 = 3*m - 4*a + a. Let p(s) = -2 - 1 + s + 4. Let f(x) = m*p(x) + n(x). Give f(-6).
0
Let c(k) = -k - 3. Suppose -37 - 17 = 3*b. Let y be (15/20)/(b/(-96)). What is c(y)?
-7
Suppose -2 = 2*c - 3*j, -2*j = -c - c. Let y(l) = -15*l**2 - 15*l**2 + 31*l**c + 9 - l. Give y(0).
9
Let q(d) be the second derivative of 1/2*d**3 - 5/2*d**2 + 0 - 8*d. Calculate q(7).
16
Let k be 100/(-15)*48/(-10). Let a = k - 28. Suppose 27 = a*r - 2*d + 9, 2 = -2*d. Let g(u) = u. Determine g(r).
4
Let d(r) be the first derivative of -r**5/120 - r**4/24 + 3*r**3 + 14. Let l(u) be the third derivative of d(u). What is l(-4)?
3
Let a(d) be the second derivative of -d**3/6 + 9*d**2/2 + 74*d. Calculate a(16).
-7
Let n be (-3)/3*-1*(-2 - -2). Let i(l) = l**3 - l**2 + l - 3. Determine i(n).
-3
Let y(c) = -c**2 + c - 1. Let j(w) = -3*w**3 + w**2. Let s be j(-1). Calculate y(s).
-13
Let z(g) = -g**2 - 3*g + 4. Let q(c) = c**3 + 8*c**2 + 4*c - 8. Let p(s) = s**3 + 9*s**2 + 4*s - 9. Let t(m) = -3*p(m) + 4*q(m). Let u be t(-4). Determine z(u).
-6
Let h(v) = -1 + 0*v - 10 + v + v**2 - 10. Let r be h(-5). Let i(s) = -8*s + 1. What is i(r)?
9
Let a = 814 + -832. Let g(c) = -2*c - 36. Calculate g(a).
0
Let g = -5 + 8. Suppose -3*s + 18 = 5*h - 13, g*s - 15 = 3*h. Let d(b) = b**2 - 345 + 3*b - 8*b + 335. Calculate d(s).
4
Let x = -21 - -29. Let y be (-2)/x + (-1)/(-4). Let s(q) be the third derivative of q**5/60 + q**4/24 - 4*q**3/3 - 4*q**2. Calculate s(y).
-8
Let m(p) = 9 + 5*p - 13 + 0*p. Calculate m(2).
6
Let n(h) be the first derivative of -23 + 7*h - 1/3*h**3 - 3*h**2. Determine n(-5).
12
Let w(y) = y**2 - 12*y - 4. Let i be w(13). Suppose -20 = -i*b - 2. Let u(p) = -p**3 + 3*p**2 - 2*p - 1. What is u(b)?
-1
Let q(x) = -2 - 149*x + 11 + 154*x. What is q(-4)?
-11
Let m(r) = -3*r - 3. Let j(f) = f**3 - 5*f**2. Let u be j(5). Suppose 2*g - 5*b = u, 3*g + 13 = -0*b + b. What is m(g)?
12
Let y(f) = -f**2 - 2*f - 2. Let v = 14 - 11. Suppose 3*d - o + 8 = d, 0 = v*d - 2*o + 14. Determine y(d).
-2
Suppose -h = z, -2*z + 4*z = 2*h. Let m(r) be the second derivative of 7*r - 1/6*r**4 + h + 0*r**2 - 1/2*r**3. What is m(-2)?
-2
Let z be ((-5)/(-10))/(2/4). Let v(k) = -19*k + 33132 - 33132. What is v(z)?
-19
Let o(h) = 4*h**3 - 3*h**2 + 3*h - 1. Let f = 